e
Is 680703 a composite number?
True
Is 6547 composite?
False
Is 3613 a composite number?
False
Is 16871 prime?
True
Is 408279 prime?
False
Is 1571989 prime?
True
Is 361069 prime?
True
Is 1210117 a prime number?
False
Is 102665 composite?
True
Is 2066813 prime?
False
Is 31359 prime?
False
Is 17059 composite?
True
Is 34345 prime?
False
Is 334931 prime?
True
Is 167197 a prime number?
True
Is 42635 a prime number?
False
Is 82805 prime?
False
Is 46239 composite?
True
Is 613897 a composite number?
True
Is 9229 a composite number?
True
Is 6889 composite?
True
Is 4855787 prime?
True
Is 219641 composite?
True
Is 499819 a composite number?
False
Is 1637 a composite number?
False
Is 11513 a prime number?
False
Is 20777 prime?
False
Is 17273 composite?
True
Is 36193 a prime number?
False
Is 1511 a prime number?
True
Is 129037 composite?
False
Is 23209 a prime number?
True
Is 4249 a composite number?
True
Is 136331 prime?
False
Is 2767 prime?
True
Is 2149 composite?
True
Is 5533 prime?
False
Is 1499123 prime?
True
Is 300163 a prime number?
True
Is 513947 a prime number?
False
Is 19821 composite?
True
Is 57119 a prime number?
True
Is 85282 prime?
False
Is 200401 a prime number?
True
Is 9903 a prime number?
False
Is 34543 prime?
True
Is 493 a prime number?
False
Is 88493 a composite number?
False
Is 1865 prime?
False
Is 977 a composite number?
False
Is 16843 prime?
True
Is 115547 a composite number?
False
Is 126341 a composite number?
False
Is 34021 a composite number?
True
Is 58523 prime?
False
Is 1015111 prime?
False
Is 1406483 composite?
True
Is 5631 a composite number?
True
Is 500459 a composite number?
False
Is 5645 prime?
False
Is 9469 a prime number?
False
Is 34777 composite?
True
Is 233846 prime?
False
Is 591797 a composite number?
True
Is 919 a composite number?
False
Is 367259 a composite number?
False
Is 1797 a composite number?
True
Is 509 composite?
False
Is 39965 a prime number?
False
Is 66901 prime?
False
Is 958 prime?
False
Is 26801 a composite number?
False
Is 13073 composite?
True
Is 4621 a prime number?
True
Is 189061 composite?
False
Is 3761 a composite number?
False
Is 147977 composite?
False
Is 373339 a composite number?
False
Is 89173 prime?
False
Is 26459 a composite number?
False
Is 5981 composite?
False
Is 9413 a composite number?
False
Is 199591 a prime number?
False
Is 348269 a prime number?
True
Is 36293 a composite number?
False
Is 703169 composite?
False
Is 228747 composite?
True
Is 495109 composite?
False
Is 96143 a composite number?
True
Is 24397 composite?
True
Is 10223 a prime number?
True
Is 46993 composite?
False
Is 11599 composite?
True
Is 787 composite?
False
Is 170179 a composite number?
False
Is 38431 a composite number?
False
Is 11851 a composite number?
True
Is 4613 a composite number?
True
Is 274954 composite?
True
Is 15089 composite?
True
Is 114143 composite?
False
Is 6907 a composite number?
False
Is 41669 prime?
True
Is 2333 a prime number?
True
Is 20317 composite?
True
Is 381873 prime?
False
Is 33923 a prime number?
True
Is 27771 a composite number?
True
Is 177259 a composite number?
True
Is 50021 a composite number?
False
Is 53479 prime?
True
Is 190565 a prime number?
False
Is 327253 composite?
True
Is 23971 prime?
True
Is 522731 a prime number?
False
Is 31867 composite?
True
Is 415603 prime?
True
Is 54539 prime?
True
Is 22318 a prime number?
False
Is 88397 prime?
True
Is 8657 composite?
True
Is 20507 composite?
False
Is 6029 a prime number?
True
Is 192733 a prime number?
False
Is 197947 a composite number?
False
Is 476263 prime?
False
Is 17693 a composite number?
True
Is 346 composite?
True
Is 658451 a prime number?
False
Is 37141 prime?
False
Is 4354835 prime?
False
Is 72739 a composite number?
False
Is 15479 composite?
True
Is 18839 prime?
True
Is 43801 composite?
False
Is 6197 a composite number?
False
Is 13947 a composite number?
True
Is 173429 a prime number?
True
Is 229897 a prime number?
True
Is 3714338 composite?
True
Is 222587 a composite number?
False
Is 50663 composite?
True
Is 15307 a prime number?
True
Is 13358 composite?
True
Is 15053 composite?
False
Is 363887 a composite number?
False
Is 309353 prime?
False
Is 18743 a composite number?
False
Is 604009 composite?
True
Is 24781 composite?
False
Is 15937 prime?
True
Is 5969 a composite number?
True
Is 191173 prime?
True
Is 72997 prime?
True
Is 323 composite?
True
Is 14971 a composite number?
True
Is 10517 a prime number?
False
Is 890147 a composite number?
False
Is 3389053 a composite number?
False
Is 288383 a prime number?
True
Is 633523 prime?
False
Is 44291 a composite number?
True
Is 132241 a prime number?
True
Is 84773 prime?
False
Is 1814 prime?
False
Is 1769041 prime?
True
Is 699013 composite?
True
Is 642062 composite?
True
Is 93307 a prime number?
True
Is 20563 composite?
False
Is 1537 a prime number?
False
Is 327917 composite?
False
Is 2267 a composite number?
False
Is 43661 prime?
True
Is 54674 composite?
True
Is 9274 a prime number?
False
Is 834113 prime?
False
Is 161567 prime?
False
Is 185291 a prime number?
True
Is 77137 composite?
False
Is 19283 a composite number?
True
Is 4751 a composite number?
False
Is 894641 a composite number?
True
Is 202955 a composite number?
True
Is 1298623 a composite number?
True
Is 142162 prime?
False
Is 606241 composite?
False
Is 6737 composite?
False
Is 1552843 prime?
True
Is 22822 a prime number?
False
Is 454 prime?
False
Is 10962267 a prime number?
False
Is 182717 a composite number?
True
Is 32111 a prime number?
False
Is 6731 a composite number?
True
Is 278539 a composite number?
True
Is 15905 prime?
False
Is 581311 prime?
True
Is 214363 prime?
True
Is 767047 a prime number?
False
Is 289 composite?
True
Is 291079 composite?
True
Is 305093 a prime number?
True
Is 4120621 composite?
False
Is 1330709 composite?
True
Is 40873 composite?
True
Is 111409 composite?
False
Is 198889 a prime number?
False
Is 501197 a prime number?
True
Is 136691 a composite number?
False
Is 188393 prime?
False
Is 8921 composite?
True
Is 32741 a prime number?
False
Is 18839 a composite number?
False
Is 13121 prime?
True
Is 31963 a composite number?
False
Is 1099 composite?
True
Is 55967 a prime number?
True
Is 31199 a composite number?
True
Is 5501 a composite number?
False
Is 4699 a prime number?
False
Is 94469 prime?
False
Is 390043 prime?
True
Is 19121 prime?
True
Is 168991 composite?
False
Is 14981 prime?
False
Is 1274803 composite?
False
Is 44483 composite?
False
Is 392551 a prime number?
False
Is 1191 prime?
False
Is 7817 a composite number?
False
Is 275789 prime?
False
Is 14435 composite?
True
Is 3119867 composite?
True
Is 30911 composite?
False
Is 1336519 composite?
False
Is 1315 prime?
False
Is 627413 a composite number?
True
Is 1117 composite?
False
Is 9259 prime?
False
Is 32311 a prime number?
False
Is 12703 a composite number?
False
Is 120665 prime?
False
Is 22465 composite?
True
Is 102302 a composite number?
True
Is 8579 prime?
False
Is 316951 composite?
False
Is 44719 a prime number?
False
Is 519577 prime?
True
Is 76355 a prime number?
False
Is 59399 a prime number?
True
Is 42089 a composite number?
False
Is 662581 a prime number?
False
Is 26309 a composite number?
False
Is 200257 a composite number?
False
Is 72533 a prime number?
True
Is 3287 prime?
False
Is 1878131 a prime number?
False
Is 7717 a prime number?
True
Is 8903 prime?
False
Is 921 composite?
True
Is 59603 a prime number?
False
Is 132199 composite?
False
Is 442507 a composite number?
True
Is 223 a prime number?
True
Is 237137 a composite number?
False
Is 9967 a composite number?
False
Is 391487 prime?
True
Is 2789 composite?
False
Is 80489 composite?
False
Is 20981 a prime number?
True
Is 11539 prime?
False
Is 1259519 a composite number?
True
Is 10135 a composite number?
True
Is 64289 a composite number?
True
Is 273797 a prime number?
True
Is 7493 composite?
True
Is 498377 a composite number?
True
Is 953893 a composite number?
True
Is 254857 a prime number?
True
Is 55021 prime?
True
Is 3833 prime?
True
Is 4177 prime?
True
Is 1662733 prime?
True
Is 503941 composite?
True
Is 57026 a prime number?
False
Is 199685 prime?
False
Is 520409 composite?
False
Is 16333 a composite number?
False
Is 20649 prime?
False
Is 33097 composite?
True
Is 238547 comp